tive of t(h). Give z(-4).
-7
Suppose 0*t = 4*t. Let x(n) = 0 + 1 + 3*n - 2*n - n**3 + t*n**2 + 2*n**2. Let c(a) = a - 5. Let d be c(7). What is x(d)?
3
Let m(u) = u**2 + 3. Suppose -f = -4*z + 7, -5*z = -f + 10 - 20. Calculate m(z).
12
Let a(o) be the third derivative of -o**4/24 + 4*o**3/3 - 188*o**2. What is a(7)?
1
Let y(u) be the second derivative of -u**5/20 + 11*u**4/12 - 5*u**3/3 + 9*u**2/2 - u - 44. Calculate y(10).
9
Let g(y) = y. Let t(f) be the second derivative of f**4/12 - 7*f**3/6 - 2*f**2 - 12*f. Let n(m) = -2*g(m) - t(m). What is n(7)?
-10
Suppose -2*b + 2*h = -b + 1, -3*b = -2*h - 9. Let v(f) be the second derivative of f**3/2 + 32*f. Let s(p) = -17*p. Let c(u) = 2*s(u) + 11*v(u). Determine c(b).
-5
Let x be -4*((-3)/(-2) + 2*-1). Let u(g) = 4*g - 11*g**2 + 0*g + 17*g**x - 1 - 5*g. Give u(-1).
6
Suppose -d + 11 = -3*f + f, 5*f = -4*d + 70. Suppose -5 + d = -2*w. Let a be w*(-1 - (-26)/10). Let x(m) = m + 2. What is x(a)?
-6
Let t(r) = r**3 - 8*r**2 - 6*r - 13. Let z = -459 + 468. Calculate t(z).
14
Let q(l) = -l**2 - 8*l + 6. Let c = 71 - 35. Let j be -1 - (8/c + (-210)/(-27)). Calculate q(j).
-3
Let b(r) = -2 - 1 + r + 7 - 2. Give b(9).
11
Let x(g) = 13*g**2 - g. Let y(c) = c**3 - 6*c**2 + 4*c + 3. Let l be y(5). Let r be 14*((-48)/28 - l). Let q be r/(-2) - (1 + -2). Determine x(q).
14
Suppose 2*m - 12 = 4*b, 17*m + 36 = -4*b + 13*m. Let w(h) = 2*h + 2. Calculate w(b).
-8
Suppose -152 + 128 = -12*l. Let b(g) be the second derivative of -1/2*g**2 + 0 + 0*g**4 - 2*g + 1/3*g**3 - 1/20*g**5. Calculate b(l).
-5
Let y(d) = -4*d + 5. Let x(i) = -i + 1. Let p be (3/2)/((-13)/(-26)). Let f(a) = p*x(a) - y(a). Calculate f(7).
5
Suppose 20*l = -32*l + 104. Let t(i) be the first derivative of 7/3*i**3 - l - 7/2*i**2 - 1/4*i**4 - 8*i. Give t(6).
-14
Let h = -113 - -34. Let w = -80 - h. Let j(m) = -9*m**3 + m**2 + m + 1. Calculate j(w).
10
Let l(z) = -z**3 + 7*z**2 - 4*z - 3. Let g be (-12 - (-6 + -1))*(-4)/5. Calculate l(g).
29
Suppose -18 = -c - 2*c. Let t(f) be the second derivative of -1/2*f**4 - 3*f**2 + 0*f**3 + 0 + 12*f + 1/20*f**5. Determine t(c).
-6
Let c(n) = -2*n + 2. Let z(d) = -d**3 + 1. Let q(b) = -c(b) + 3*z(b). Let x = 170 - 170. Suppose x = -4*u - s - 5, -13*s - 4 = 3*u - 12*s. What is q(u)?
2
Let q(o) = -o**2 - o + 3*o + 7*o - 11 - 2*o. Calculate q(6).
-5
Let g be 3 + 0*(25/(-5) + 6). Let l(q) = -2*q + 1. Determine l(g).
-5
Let r(z) = z**3 - 5*z**2 + z + 1. Let a = -1271 + 1273. Determine r(a).
-9
Let c(o) = -o**3 + 5*o**2 - 3*o + 3. Let n = 494 - 491. Determine c(n).
12
Let n be 11/9 - 6/27. Let u(j) = -n + 6 - 2*j + 1 - 2. Suppose 7*l = 3*l + 24. Calculate u(l).
-8
Let a(d) = -d**3 - 5*d**2 - 2*d + 3. Suppose -364*r + 358*r - 30 = 0. Determine a(r).
13
Let a(t) = 2*t - 2. Let b = -24 - -26. Suppose b*y + 6*y + 16 = 0. Determine a(y).
-6
Let o(b) = -b**2 + 21*b - 60. Let p(s) = 2*s**2 - 43*s + 121. Let n(c) = -5*o(c) - 2*p(c). Determine n(15).
-2
Let d be ((-2)/4)/((10/2)/30). Let m(c) = -9*c**3 - c + 4. Let h(g) = -19*g**3 - g + 7. Let q(i) = d*h(i) + 5*m(i). What is q(-1)?
-11
Suppose 3*s = 3*x - 6, 0 = -3*x - s - 3 - 3. Let i(c) = -3 + 2 - 13*c - 3 + 5*c. Let d(k) = 8*k + 3. Let p(m) = -3*d(m) - 2*i(m). Give p(x).
7
Let g(j) = -j**3 - 3*j**2 + 3*j - 4. Let u(v) = -2*v. Let p be u(-7). Let y = 10 - p. Let r be g(y). Let h(c) = c**3 + c**2 + c - 3. What is h(r)?
-3
Let c be 2 - 0/(30/5). Let z(d) = -d**3 + 2*d**2 - 2*d + 1. What is z(c)?
-3
Let z(d) = 2 - 10*d - d - 10*d + 20*d. Give z(-3).
5
Let u(j) = -j**3 + 4*j**2 - 2*j + 6. Suppose m = -0*m + 21. Let o(i) = 3*i**2 + 3*i + 7. Let a be o(-3). Let v = a - m. What is u(v)?
-2
Suppose -6*h + 15 = -5*n - h, 3*h = 2*n + 10. Suppose 0 = -a - 2*a - 9, 5*a + 6 = -3*k. Let w(m) = -m + 10*m**k + 1 - m - 12*m**3. What is w(n)?
-3
Let m(r) = r**3 - 6*r**2 + r - 4. Let x(j) = 14*j - 6 - 26*j + 10*j. Let k be x(-6). Determine m(k).
2
Suppose -5*c + 2*r - 23 = 0, -2*c + 6 = 5*r - 8. Let d(y) = 11*y**2 - 9*y + 11. Let m(w) = 4*w**2 - 4*w + 5. Let a(t) = 2*d(t) - 5*m(t). What is a(c)?
9
Let k(c) = c**2 + 24*c + 76. Let b be k(-20). Let x(z) = 3*z**2 + 3*z - 4. Give x(b).
32
Let i(x) be the second derivative of x**3/6 - 4*x**2 - 388*x. Determine i(-9).
-17
Let v be (-25)/125 + 18/(-10). Let j(q) = 8*q**2 - 3*q - 2. Determine j(v).
36
Let i(p) = p**3 + 3*p**2 + 2*p + 1. Let z(l) = 9*l - 3. Let k be z(-1). Let u = -14 - k. Calculate i(u).
1
Let u(n) be the first derivative of n**4/4 - 3*n**3 - 9*n**2/2 - 11*n + 72. Calculate u(10).
-1
Let x(q) = 4*q**2 - 1. Suppose 0 = 5*v - 5. Suppose 0 = -5*h + v + 9. Let m be (-6)/12*(0 + h). Determine x(m).
3
Let l(p) be the first derivative of p**3/3 - 4*p**2 + 7*p + 116. Let w = 5 - 0. Suppose -3*r + 2*r = -w. Calculate l(r).
-8
Let h(d) = 3*d**2 - 4*d - 1. Suppose s - 2*g = 9, -8*s + 11*s - 3*g - 18 = 0. Give h(s).
14
Let r(o) be the third derivative of o**6/120 - o**5/15 + o**4/12 + o**3/6 + 25*o**2 + o. Determine r(2).
-3
Let y be 20/7 - 184/(-1288). Let w(f) = f**2. Let s(i) = -i**3 - 3*i**2 + 3*i - 2. Let k(d) = -s(d) - 6*w(d). What is k(y)?
-7
Let z(p) = p**2 - 2*p + 2. Suppose -3*r = -7*r + 16. Suppose -q = -2*n + 3, 3*q + 5*n - 12 = r*n. What is z(q)?
5
Let z(i) = i + 1. Suppose -6*f + 252 = -510. Suppose -f = -12*y - 43. Give z(y).
8
Let d(v) be the second derivative of -v**5/20 - v**4/12 + v**3/3 - 27*v**2/2 - 338*v. Calculate d(0).
-27
Let n(d) = 3*d. Let k = 37 - 33. Suppose 0 = -k*s - s - 10. Calculate n(s).
-6
Let d(z) be the first derivative of 4*z - 8 + 1/3*z**3 + 3/2*z**2. Calculate d(-3).
4
Let f(t) be the second derivative of t**5/20 + t**4/4 - t**3/2 + t**2/2 - 391*t. Determine f(-3).
10
Let l = 1 - -11. Suppose 5*q - l + 2 = 0. Let c(r) = -1 + r + 4*r**2 + 0*r - 3*r**q. Determine c(1).
1
Suppose 5*t = 0, 4*t = y + 4*y - 10. Suppose -y*i + 27 - 117 = -3*r, i = 3*r - 90. Suppose 0*q - 5*q = r. Let u(g) = -g**3 - 5*g**2 + 6*g - 5. What is u(q)?
-5
Let p(b) be the second derivative of b**4/12 - b**3/2 - 4*b**2 - 58*b. Determine p(6).
10
Let l(z) = 2*z**2 + 3*z - 4 - 9*z**2 + 6*z**2 + 4. Give l(4).
-4
Let i(h) = -290*h + 159*h + 12 + 142*h + h**2. Suppose 0 = 5*q - 2*s + 36, 0 = -5*q - 4*s - 40 - 8. Calculate i(q).
-12
Let i(y) be the first derivative of y**4/4 - y**3 - y**2/2 + 107. Determine i(3).
-3
Suppose 0 = -4*r - 5*u + 19, 3*u = 4*r + u + 2. Suppose 2*v + 5 + r = 0. Let f(i) = -i**2 - 2*i - 2. Give f(v).
-5
Let k(n) = n**3 + 2*n**2 - n - 1. Let f(j) = -j + 8. Let t be f(-5). Let p = -16 + t. What is k(p)?
-7
Let v(s) be the second derivative of 1/3*s**3 - 1/2*s**2 + 0 - 5*s. Calculate v(-6).
-13
Let m(j) = -3*j + 29. Let t be m(9). Let n(p) be the third derivative of 0 - 1/6*p**3 - 4*p**t + 0*p - 5/24*p**4. Determine n(1).
-6
Let i(g) = 6*g**2 - 5*g + 6. Let s(x) = -5*x**2 + 5*x - 6. Suppose 8*j = 18 + 38. Let f(r) = j*s(r) + 6*i(r). Calculate f(-6).
0
Suppose -5*y + 3*y = 2. Let b(x) = x**3 + x**2 + x - 1. Let z(o) = 3*o**3 - 4*o**2 + 4*o - 2. Let c(r) = y*z(r) + 2*b(r). Calculate c(6).
-12
Let v(y) = -y**2 + 13*y - 10. Suppose -2*o + 3*w + 27 = 0, 2*w + 7 = o + 7*w. Give v(o).
2
Let d(b) = 17 + 15 + b - 2*b - 13. Let t be d(17). Let v(h) be the first derivative of -h**3/3 + 3*h**2 - 3*h + 11. Determine v(t).
5
Let i(d) = d**2 - 8*d + 8. Let y be i(7). Let j(w) = w**2 - w. Let z(a) = -a**3 - a**2 - 9*a - 2. Let k(s) = y*z(s) - 4*j(s). What is k(-3)?
-5
Let i be (-2)/(-8) - (8 - 59/4). Let l(v) = -v**2 + 8*v - 6. Give l(i).
1
Let a(d) = d**3 - 4*d**2 + 3*d. Suppose -2*h - 6 = 30. Let p = h - -18. Suppose -2*w = -5*s - 6, -2*w + p*s - 2*s + 6 = 0. What is a(w)?
0
Let j(k) = -k. Let c = -5 + 8. Suppose 5*u + c*l + 3 = -5, u - 16 = -5*l. What is j(u)?
4
Let p(o) = 4*o. Let q(l) = -9*l - 1. Let x(b) = 13*p(b) + 6*q(b). Suppose w + 55 = v - 4*w, -5*w = -5*v + 175. Suppose -2*f = -7*f - v. Determine x(f).
6
Let p be (-7)/7*7 - -13. Suppose -h - 3*h = -12. Let g(s) = 6*s**2 - 6*s**3 + 8*s**h - s - 3*s**3. What is g(p)?
-6
Let d(m) = -m**2 - 7*m - 4. Let y be d(-6). Suppose 4*r - 4*i = -16, -3*r - r + 8 = y*i. Let z(b) = -b + 1. Calculate z(r).
1
Let n = -4 - -17. Let d(r) = r**3 - 14*r**2 + 12*r + 13. Let w be d(n). Let k(o) = -o**3 + o**2 - o - 2. Determine k(w).
-2
Suppose -6*u + 3*u = -3*v + 18, 3*v + 10 = -u. Let a(g) = 